{"id":326,"date":"2025-10-16T18:08:43","date_gmt":"2025-10-16T18:08:43","guid":{"rendered":"https:\/\/sm-fx.hclm49.fr\/?page_id=326"},"modified":"2026-02-04T16:24:42","modified_gmt":"2026-02-04T16:24:42","slug":"nouveautes","status":"publish","type":"page","link":"https:\/\/sm-fx.hclm49.fr\/index.php\/nouveautes\/","title":{"rendered":"Nouveaut\u00e9s"},"content":{"rendered":"\t\t<div data-elementor-type=\"wp-page\" data-elementor-id=\"326\" class=\"elementor elementor-326\">\n\t\t\t\t<div class=\"elementor-element elementor-element-ca1cd12 e-flex e-con-boxed e-con e-parent\" data-id=\"ca1cd12\" data-element_type=\"container\">\n\t\t\t\t\t<div class=\"e-con-inner\">\n\t\t\t\t<div class=\"elementor-element elementor-element-a20363c elementor-widget elementor-widget-heading\" data-id=\"a20363c\" data-element_type=\"widget\" data-widget_type=\"heading.default\">\n\t\t\t\t\t<h2 class=\"elementor-heading-title elementor-size-default\">Le site de St Martin-du-Fouilloux est en cours d'\u00e9laboration, suivez r\u00e9guli\u00e8rement les nouveaut\u00e9s<\/h2>\t\t\t\t<\/div>\n\t\t\t\t\t<\/div>\n\t\t\t\t<\/div>\n\t\t<div class=\"elementor-element elementor-element-3f4e32d e-con-full e-flex e-con e-parent\" data-id=\"3f4e32d\" data-element_type=\"container\" data-settings=\"{&quot;background_background&quot;:&quot;classic&quot;}\">\n\t\t<div class=\"elementor-element elementor-element-a3b60ef e-con-full e-flex e-con e-child\" data-id=\"a3b60ef\" data-element_type=\"container\">\n\t\t\t\t<div class=\"elementor-element elementor-element-bb20aac elementor-widget elementor-widget-image\" data-id=\"bb20aac\" data-element_type=\"widget\" data-widget_type=\"image.default\">\n\t\t\t\t\t\t\t\t\t\t\t\t\t\t\t<img decoding=\"async\" width=\"150\" height=\"150\" src=\"https:\/\/sm-fx.hclm49.fr\/wp-content\/uploads\/2025\/10\/evenem-religieux.jpg\" class=\"attachment-medium size-medium wp-image-249\" alt=\"\" \/>\t\t\t\t\t\t\t\t\t\t\t\t\t\t\t<\/div>\n\t\t\t\t<\/div>\n\t\t<div class=\"elementor-element elementor-element-ab5db9a e-con-full e-flex e-con e-child\" data-id=\"ab5db9a\" data-element_type=\"container\">\n\t\t\t\t<div class=\"elementor-element elementor-element-507368e elementor-widget elementor-widget-text-editor\" data-id=\"507368e\" data-element_type=\"widget\" data-widget_type=\"text-editor.default\">\n\t\t\t\t\t\t\t\t\t<p><em>La Page &#8216;Ev\u00e8nements Religieux&#8217; contient un nouvel article : &#8220;<a href=\"https:\/\/sm-fx.hclm49.fr\/index.php\/evenements-religieux\" target=\"_blank\" rel=\"noopener\">Une abjuration en toute discr\u00e9tion \u00e0 St Martin<\/a> &#8221; sous forme d&#8217;un r\u00e9sum\u00e9 et d&#8217;un texte plus long.<\/em><\/p>\t\t\t\t\t\t\t\t<\/div>\n\t\t\t\t<\/div>\n\t\t<div class=\"elementor-element elementor-element-3ac58ac e-con-full e-flex e-con e-child\" data-id=\"3ac58ac\" data-element_type=\"container\">\n\t\t\t\t<div class=\"elementor-element elementor-element-6d9f9b9 elementor-widget elementor-widget-text-editor\" data-id=\"6d9f9b9\" data-element_type=\"widget\" data-widget_type=\"text-editor.default\">\n\t\t\t\t\t\t\t\t\t<p><em>4 F\u00e9vrier 2026<\/em><\/p>\t\t\t\t\t\t\t\t<\/div>\n\t\t\t\t<\/div>\n\t\t\t\t<\/div>\n\t\t<div class=\"elementor-element elementor-element-35b5edf e-con-full e-flex e-con e-parent\" data-id=\"35b5edf\" data-element_type=\"container\" data-settings=\"{&quot;background_background&quot;:&quot;classic&quot;}\">\n\t\t<div class=\"elementor-element elementor-element-e0d222f e-con-full e-flex e-con e-child\" data-id=\"e0d222f\" data-element_type=\"container\">\n\t\t\t\t<div class=\"elementor-element elementor-element-f2271e6 elementor-widget elementor-widget-image\" data-id=\"f2271e6\" data-element_type=\"widget\" data-widget_type=\"image.default\">\n\t\t\t\t\t\t\t\t\t\t\t\t\t\t\t<img fetchpriority=\"high\" decoding=\"async\" width=\"300\" height=\"207\" src=\"https:\/\/sm-fx.hclm49.fr\/wp-content\/uploads\/2025\/10\/demographie-300x207.jpg\" class=\"attachment-medium size-medium wp-image-247\" alt=\"\" srcset=\"https:\/\/sm-fx.hclm49.fr\/wp-content\/uploads\/2025\/10\/demographie-300x207.jpg 300w, https:\/\/sm-fx.hclm49.fr\/wp-content\/uploads\/2025\/10\/demographie-1024x706.jpg 1024w, https:\/\/sm-fx.hclm49.fr\/wp-content\/uploads\/2025\/10\/demographie-768x530.jpg 768w, https:\/\/sm-fx.hclm49.fr\/wp-content\/uploads\/2025\/10\/demographie-1536x1060.jpg 1536w, https:\/\/sm-fx.hclm49.fr\/wp-content\/uploads\/2025\/10\/demographie-2048x1413.jpg 2048w\" sizes=\"(max-width: 300px) 100vw, 300px\" \/>\t\t\t\t\t\t\t\t\t\t\t\t\t\t\t<\/div>\n\t\t\t\t<\/div>\n\t\t<div class=\"elementor-element elementor-element-8fb5ab6 e-con-full e-flex e-con e-child\" data-id=\"8fb5ab6\" data-element_type=\"container\">\n\t\t\t\t<div class=\"elementor-element elementor-element-66a5e47 elementor-widget elementor-widget-text-editor\" data-id=\"66a5e47\" data-element_type=\"widget\" data-widget_type=\"text-editor.default\">\n\t\t\t\t\t\t\t\t\t<p><em>La Page &#8216;D\u00e9mographie&#8217; contient un nouvel article : &#8220;<a href=\"https:\/\/sm-fx.hclm49.fr\/index.php\/demographie-2\/\" target=\"_blank\" rel=\"noopener\">Naitre, se soigner, mourir \u00e0 St Martin (1700-2000)<\/a>&#8221; sous forme d&#8217;un r\u00e9sum\u00e9 et d&#8217;un texte plus long.<\/em><\/p>\t\t\t\t\t\t\t\t<\/div>\n\t\t\t\t<\/div>\n\t\t<div class=\"elementor-element elementor-element-917c4b0 e-con-full e-flex e-con e-child\" data-id=\"917c4b0\" data-element_type=\"container\">\n\t\t\t\t<div class=\"elementor-element elementor-element-e989efc elementor-widget elementor-widget-text-editor\" data-id=\"e989efc\" data-element_type=\"widget\" data-widget_type=\"text-editor.default\">\n\t\t\t\t\t\t\t\t\t<p><em>28 D\u00e9cembre 2025<\/em><\/p>\t\t\t\t\t\t\t\t<\/div>\n\t\t\t\t<\/div>\n\t\t\t\t<\/div>\n\t\t<div class=\"elementor-element elementor-element-6771e77 e-con-full e-flex e-con e-parent\" data-id=\"6771e77\" data-element_type=\"container\" data-settings=\"{&quot;background_background&quot;:&quot;classic&quot;}\">\n\t\t<div class=\"elementor-element elementor-element-4776962 e-con-full e-flex e-con e-child\" data-id=\"4776962\" data-element_type=\"container\">\n\t\t\t\t<div class=\"elementor-element elementor-element-95ba847 elementor-widget elementor-widget-image\" data-id=\"95ba847\" data-element_type=\"widget\" data-widget_type=\"image.default\">\n\t\t\t\t\t\t\t\t\t\t\t\t\t\t\t<img decoding=\"async\" width=\"300\" height=\"207\" src=\"https:\/\/sm-fx.hclm49.fr\/wp-content\/uploads\/2025\/10\/evenem-civils-300x207.jpg\" class=\"attachment-medium size-medium wp-image-248\" alt=\"\" srcset=\"https:\/\/sm-fx.hclm49.fr\/wp-content\/uploads\/2025\/10\/evenem-civils-300x207.jpg 300w, https:\/\/sm-fx.hclm49.fr\/wp-content\/uploads\/2025\/10\/evenem-civils-1024x705.jpg 1024w, https:\/\/sm-fx.hclm49.fr\/wp-content\/uploads\/2025\/10\/evenem-civils-768x529.jpg 768w, https:\/\/sm-fx.hclm49.fr\/wp-content\/uploads\/2025\/10\/evenem-civils-1536x1058.jpg 1536w, https:\/\/sm-fx.hclm49.fr\/wp-content\/uploads\/2025\/10\/evenem-civils.jpg 1829w\" sizes=\"(max-width: 300px) 100vw, 300px\" \/>\t\t\t\t\t\t\t\t\t\t\t\t\t\t\t<\/div>\n\t\t\t\t<\/div>\n\t\t<div class=\"elementor-element elementor-element-7e288e4 e-con-full e-flex e-con e-child\" data-id=\"7e288e4\" data-element_type=\"container\">\n\t\t\t\t<div class=\"elementor-element elementor-element-a792924 elementor-widget elementor-widget-text-editor\" data-id=\"a792924\" data-element_type=\"widget\" data-widget_type=\"text-editor.default\">\n\t\t\t\t\t\t\t\t\t<p><em>La Page &#8216;Portraits&#8217; contient un nouveau portrait, celui de <a href=\"https:\/\/sm-fx.hclm49.fr\/index.php\/portraits-2\/\">Perrine Taunoir<\/a> (ou Taunay), assassin\u00e9e en 1794<\/em><\/p>\t\t\t\t\t\t\t\t<\/div>\n\t\t\t\t<\/div>\n\t\t<div class=\"elementor-element elementor-element-c6f7a49 e-con-full e-flex e-con e-child\" data-id=\"c6f7a49\" data-element_type=\"container\">\n\t\t\t\t<div class=\"elementor-element elementor-element-7e1bd67 elementor-widget elementor-widget-text-editor\" data-id=\"7e1bd67\" data-element_type=\"widget\" data-widget_type=\"text-editor.default\">\n\t\t\t\t\t\t\t\t\t<p><em>22 Octobre 2025<\/em><\/p>\t\t\t\t\t\t\t\t<\/div>\n\t\t\t\t<\/div>\n\t\t\t\t<\/div>\n\t\t<div class=\"elementor-element elementor-element-c1b8fdd e-con-full e-flex e-con e-parent\" data-id=\"c1b8fdd\" data-element_type=\"container\" data-settings=\"{&quot;background_background&quot;:&quot;classic&quot;}\">\n\t\t<div class=\"elementor-element elementor-element-915e5bb e-con-full e-flex e-con e-child\" data-id=\"915e5bb\" data-element_type=\"container\">\n\t\t\t\t<div class=\"elementor-element elementor-element-3b72cfc elementor-widget elementor-widget-image\" data-id=\"3b72cfc\" data-element_type=\"widget\" data-widget_type=\"image.default\">\n\t\t\t\t\t\t\t\t\t\t\t\t\t\t\t<img loading=\"lazy\" decoding=\"async\" width=\"723\" height=\"364\" src=\"https:\/\/sm-fx.hclm49.fr\/wp-content\/uploads\/2025\/10\/curieux-cures.jpg\" class=\"attachment-large size-large wp-image-265\" alt=\"Utilis\u00e9 dans portraits\" srcset=\"https:\/\/sm-fx.hclm49.fr\/wp-content\/uploads\/2025\/10\/curieux-cures.jpg 723w, https:\/\/sm-fx.hclm49.fr\/wp-content\/uploads\/2025\/10\/curieux-cures-300x151.jpg 300w\" sizes=\"(max-width: 723px) 100vw, 723px\" \/>\t\t\t\t\t\t\t\t\t\t\t\t\t\t\t<\/div>\n\t\t\t\t<\/div>\n\t\t<div class=\"elementor-element elementor-element-6d9e02a e-con-full e-flex e-con e-child\" data-id=\"6d9e02a\" data-element_type=\"container\">\n\t\t\t\t<div class=\"elementor-element elementor-element-94b8210 elementor-widget elementor-widget-text-editor\" data-id=\"94b8210\" data-element_type=\"widget\" data-widget_type=\"text-editor.default\">\n\t\t\t\t\t\t\t\t\t<p><em>La Page Nouveaut\u00e9 vient d&#8217;\u00eatre cr\u00e9\u00e9e<\/em><\/p>\t\t\t\t\t\t\t\t<\/div>\n\t\t\t\t<\/div>\n\t\t<div class=\"elementor-element elementor-element-5bf3bc0 e-con-full e-flex e-con e-child\" data-id=\"5bf3bc0\" data-element_type=\"container\">\n\t\t\t\t<div class=\"elementor-element elementor-element-a8c1782 elementor-widget elementor-widget-text-editor\" data-id=\"a8c1782\" data-element_type=\"widget\" data-widget_type=\"text-editor.default\">\n\t\t\t\t\t\t\t\t\t<p><em>17 Octobre 2025<\/em><\/p>\t\t\t\t\t\t\t\t<\/div>\n\t\t\t\t<\/div>\n\t\t\t\t<\/div>\n\t\t\t\t<\/div>\n\t\t","protected":false},"excerpt":{"rendered":"<p>Le site de St Martin-du-Fouilloux est en cours d&#8217;\u00e9laboration, suivez r\u00e9guli\u00e8rement les nouveaut\u00e9s La Page &#8216;Ev\u00e8nements Religieux&#8217; contient un nouvel [&hellip;]<\/p>\n","protected":false},"author":1,"featured_media":0,"parent":0,"menu_order":0,"comment_status":"closed","ping_status":"closed","template":"","meta":{"site-sidebar-layout":"no-sidebar","site-content-layout":"","ast-site-content-layout":"full-width-container","site-content-style":"default","site-sidebar-style":"default","ast-global-header-display":"","ast-banner-title-visibility":"","ast-main-header-display":"","ast-hfb-above-header-display":"","ast-hfb-below-header-display":"","ast-hfb-mobile-header-display":"","site-post-title":"disabled","ast-breadcrumbs-content":"","ast-featured-img":"disabled","footer-sml-layout":"","theme-transparent-header-meta":"","adv-header-id-meta":"","stick-header-meta":"","header-above-stick-meta":"","header-main-stick-meta":"","header-below-stick-meta":"","astra-migrate-meta-layouts":"default","ast-page-background-enabled":"default","ast-page-background-meta":{"desktop":{"background-color":"var(--ast-global-color-5)","background-image":"","background-repeat":"repeat","background-position":"center center","background-size":"auto","background-attachment":"scroll","background-type":"","background-media":"","overlay-type":"","overlay-color":"","overlay-opacity":"","overlay-gradient":""},"tablet":{"background-color":"","background-image":"","background-repeat":"repeat","background-position":"center center","background-size":"auto","background-attachment":"scroll","background-type":"","background-media":"","overlay-type":"","overlay-color":"","overlay-opacity":"","overlay-gradient":""},"mobile":{"background-color":"","background-image":"","background-repeat":"repeat","background-position":"center center","background-size":"auto","background-attachment":"scroll","background-type":"","background-media":"","overlay-type":"","overlay-color":"","overlay-opacity":"","overlay-gradient":""}},"ast-content-background-meta":{"desktop":{"background-color":"var(--ast-global-color-4)","background-image":"","background-repeat":"repeat","background-position":"center center","background-size":"auto","background-attachment":"scroll","background-type":"","background-media":"","overlay-type":"","overlay-color":"","overlay-opacity":"","overlay-gradient":""},"tablet":{"background-color":"var(--ast-global-color-4)","background-image":"","background-repeat":"repeat","background-position":"center center","background-size":"auto","background-attachment":"scroll","background-type":"","background-media":"","overlay-type":"","overlay-color":"","overlay-opacity":"","overlay-gradient":""},"mobile":{"background-color":"var(--ast-global-color-4)","background-image":"","background-repeat":"repeat","background-position":"center center","background-size":"auto","background-attachment":"scroll","background-type":"","background-media":"","overlay-type":"","overlay-color":"","overlay-opacity":"","overlay-gradient":""}},"footnotes":""},"class_list":["post-326","page","type-page","status-publish","hentry"],"_links":{"self":[{"href":"https:\/\/sm-fx.hclm49.fr\/index.php\/wp-json\/wp\/v2\/pages\/326","targetHints":{"allow":["GET"]}}],"collection":[{"href":"https:\/\/sm-fx.hclm49.fr\/index.php\/wp-json\/wp\/v2\/pages"}],"about":[{"href":"https:\/\/sm-fx.hclm49.fr\/index.php\/wp-json\/wp\/v2\/types\/page"}],"author":[{"embeddable":true,"href":"https:\/\/sm-fx.hclm49.fr\/index.php\/wp-json\/wp\/v2\/users\/1"}],"replies":[{"embeddable":true,"href":"https:\/\/sm-fx.hclm49.fr\/index.php\/wp-json\/wp\/v2\/comments?post=326"}],"version-history":[{"count":43,"href":"https:\/\/sm-fx.hclm49.fr\/index.php\/wp-json\/wp\/v2\/pages\/326\/revisions"}],"predecessor-version":[{"id":488,"href":"https:\/\/sm-fx.hclm49.fr\/index.php\/wp-json\/wp\/v2\/pages\/326\/revisions\/488"}],"wp:attachment":[{"href":"https:\/\/sm-fx.hclm49.fr\/index.php\/wp-json\/wp\/v2\/media?parent=326"}],"curies":[{"name":"wp","href":"https:\/\/api.w.org\/{rel}","templated":true}]}}